culate the remainder when 228 is divided by 121.
107
What is the remainder when 321 is divided by 9?
6
Calculate the remainder when 959 is divided by 54.
41
Calculate the remainder when 606 is divided by 21.
18
Calculate the remainder when 9194 is divided by 76.
74
What is the remainder when 84 is divided by 29?
26
What is the remainder when 171 is divided by 35?
31
What is the remainder when 91 is divided by 25?
16
Calculate the remainder when 41 is divided by 24.
17
What is the remainder when 2491 is divided by 13?
8
Calculate the remainder when 983 is divided by 12.
11
Calculate the remainder when 159 is divided by 80.
79
What is the remainder when 661 is divided by 168?
157
What is the remainder when 134 is divided by 20?
14
What is the remainder when 165 is divided by 38?
13
What is the remainder when 117 is divided by 26?
13
What is the remainder when 167 is divided by 51?
14
Calculate the remainder when 1951 is divided by 31.
29
Calculate the remainder when 101 is divided by 30.
11
What is the remainder when 358 is divided by 52?
46
Calculate the remainder when 137 is divided by 115.
22
Calculate the remainder when 84 is divided by 48.
36
Calculate the remainder when 529 is divided by 136.
121
Calculate the remainder when 135 is divided by 62.
11
Calculate the remainder when 72 is divided by 10.
2
What is the remainder when 8763 is divided by 4378?
7
What is the remainder when 272 is divided by 40?
32
Calculate the remainder when 921 is divided by 15.
6
What is the remainder when 80 is divided by 1?
0
Calculate the remainder when 6554 is divided by 28.
2
Calculate the remainder when 154 is divided by 39.
37
Calculate the remainder when 3060 is divided by 21.
15
Calculate the remainder when 55 is divided by 28.
27
What is the remainder when 184 is divided by 96?
88
What is the remainder when 2045 is divided by 42?
29
What is the remainder when 8258 is divided by 11?
8
What is the remainder when 285 is divided by 42?
33
Calculate the remainder when 5597 is divided by 100.
97
What is the remainder when 326 is divided by 55?
51
Calculate the remainder when 391 is divided by 43.
4
What is the remainder when 45 is divided by 22?
1
Calculate the remainder when 8127 is divided by 30.
27
Calculate the remainder when 77 is divided by 4.
1
Calculate the remainder when 416 is divided by 38.
36
Calculate the remainder when 2097 is divided by 75.
72
What is the remainder when 406 is divided by 82?
78
Calculate the remainder when 3778 is divided by 40.
18
What is the remainder when 1991 is divided by 993?
5
What is the remainder when 456 is divided by 450?
6
Calculate the remainder when 174 is divided by 98.
76
Calculate the remainder when 92053 is divided by 95.
93
Calculate the remainder when 5584 is divided by 21.
19
Calculate the remainder when 2811 is divided by 14.
11
What is the remainder when 143 is divided by 83?
60
Calculate the remainder when 9484 is divided by 179.
176
Calculate the remainder when 24 is divided by 8.
0
What is the remainder when 16306 is divided by 302?
300
Calculate the remainder when 369 is divided by 76.
65
Calculate the remainder when 250 is divided by 18.
16
Calculate the remainder when 256 is divided by 44.
36
What is the remainder when 668 is divided by 96?
92
Calculate the remainder when 141 is divided by 15.
6
What is the remainder when 79 is divided by 3?
1
Calculate the remainder when 5096 is divided by 154.
14
Calculate the remainder when 337 is divided by 165.
7
Calculate the remainder when 1760 is divided by 196.
192
Calculate the remainder when 698 is divided by 13.
9
Calculate the remainder when 3732 is divided by 35.
22
What is the remainder when 998 is divided by 27?
26
What is the remainder when 468 is divided by 14?
6
What is the remainder when 458 is divided by 225?
8
What is the remainder when 622 is divided by 25?
22
What is the remainder when 501 is divided by 1?
0
Calculate the remainder when 99 is divided by 17.
14
What is the remainder when 47 is divided by 31?
16
What is the remainder when 2520 is divided by 25?
20
Calculate the remainder when 744 is divided by 371.
2
Calculate the remainder when 1426 is divided by 159.
154
What is the remainder when 154 is divided by 42?
28
Calculate the remainder when 74 is divided by 16.
10
What is the remainder when 129 is divided by 36?
21
What is the remainder when 1848 is divided by 366?
18
What is the remainder when 587 is divided by 94?
23
What is the remainder when 805 is divided by 800?
5
What is the remainder when 17585 is divided by 5859?
8
Calculate the remainder when 12 is divided by 5.
2
Calculate the remainder when 279 is divided by 247.
32
What is the remainder when 233 is divided by 20?
13
What is the remainder when 351 is divided by 294?
57
Calculate the remainder when 143 is divided by 18.
17
What is the remainder when 63 is divided by 34?
29
Calculate the remainder when 175 is divided by 91.
84
What is the remainder when 282 is divided by 95?
92
What is the remainder when 548 is divided by 97?
63
Calculate the remainder when 188 is divided by 65.
58
What is the remainder when 102 is divided by 49?
4
Calculate the remainder when 39 is divided by 30.
9
Calculate the remainder when 307 is divided by 156.
151
Calculate the remainder when 1318 is divided by 11.
9
What is the remainder when 915 is divided by 27?
24
What is the remainder when 812 is divided by 133?
14
What is the remainder when 625 is divided by 49?
37
Calculate the remainder when 2292 is divided by 5.
2
What is the remainder when 1968 is divided by 219?
216
Calculate the remainder when 28 is divided by 15.
13
What is the remainder when 90 is divided by 18?
0
Calculate the remainder when 641 is divided by 46.
43
What is the remainder when 3797 is divided by 76?
73
What is the remainder when 5859 is divided by 11?
7
What is the remainder when 1036 is divided by 104?
100
What is the remainder when 574 is divided by 188?
10
What is the remainder when 309 is divided by 45?
39
Calculate the remainder when 168 is divided by 86.
82
Calculate the remainder when 287 is divided by 32.
31
What is the remainder when 402 is divided by 11?
6
What is the remainder when 446 is divided by 438?
8
Calculate the remainder when 59 is divided by 11.
4
What is the remainder when 50665 is divided by 94?
93
What is the remainder when 1414 is divided by 49?
42
What is the remainder when 274 is divided by 31?
26
Calculate the remainder when 384 is divided by 260.
124
Calculate the remainder when 2956 is divided by 21.
16
What is the remainder when 3720 is divided by 1239?
3
What is the remainder when 140 is divided by 39?
23
What is the remainder when 1624 is divided by 13?
12
What is the remainder when 481 is divided by 44?
41
Calculate the remainder when 37 is divided by 13.
11
Calculate the remainder when 147 is divided by 32.
19
What is the remainder when 47 is divided by 14?
5
Calculate the remainder when 1018 is divided by 60.
58
What is the remainder when 710 is divided by 300?
110
What is the remainder when 654 is divided by 216?
6
What is the remainder when 41 is divided by 9?
5
What is the remainder when 40 is divided by 14?
12
Calculate the remainder when 1222 is divided by 315.
277
Calculate the remainder when 1046 is divided by 70.
66
What is the remainder when 3867 is divided by 1289?
0
Calculate the remainder when 195 is divided by 61.
12
What is the remainder when 2943 is divided by 64?
63
What is the remainder when 2255 is divided by 17?
11
What is the remainder when 2065 is divided by 3?
1
What is the remainder when 604 is divided by 203?
198
What is the remainder when 55 is divided by 2?
1
What is the remainder when 1537 is divided by 155?
142
Calculate the remainder when 1207 is divided by 22.
19
What is the remainder when 88 is divided by 23?
19
What is the remainder when 390 is divided by 102?
84
Calculate the remainder when 199 is divided by 111.
88
What is the remainder when 877 is divided by 98?
93
Calculate the remainder when 44 is divided by 24.
20
Calculate the remainder when 3216 is divided by 295.
266
What is the remainder when 303 is divided by 44?
39
Calculate the remainder when 233 is divided by 19.
5
Calculate the remainder when 2791 is divided by 22.
19
What is the re